to base 12.
-45
Convert -206 (base 12) to base 6.
-1210
Convert -2 (base 3) to base 13.
-2
4 (base 15) to base 5
4
-2b (base 12) to base 2
-100011
-60 (base 12) to base 3
-2200
68 (base 12) to base 6
212
1000110 (base 2) to base 11
64
What is -1011 (base 4) in base 8?
-105
Convert 7 (base 11) to base 2.
111
Convert 9 (base 11) to base 6.
13
What is 134 (base 16) in base 2?
100110100
Convert -2 (base 8) to base 11.
-2
Convert -12 (base 6) to base 8.
-10
Convert 15 (base 9) to base 3.
112
Convert 178 (base 13) to base 16.
10c
Convert -b (base 16) to base 5.
-21
Convert 221 (base 4) to base 15.
2b
What is -76 (base 8) in base 6?
-142
3 (base 8) to base 5
3
2010 (base 3) to base 4
321
-6 (base 10) to base 16
-6
What is 104 (base 9) in base 10?
85
What is 304 (base 6) in base 5?
422
Convert -2 (base 13) to base 2.
-10
-29 (base 13) to base 5
-120
Convert -5 (base 9) to base 11.
-5
Convert 13 (base 15) to base 11.
17
-1110 (base 2) to base 12
-12
e1 (base 16) to base 15
100
What is 62 (base 16) in base 5?
343
Convert -31 (base 4) to base 16.
-d
What is 3 (base 11) in base 3?
10
What is 101 (base 2) in base 14?
5
-12 (base 6) to base 3
-22
0 (base 8) to base 14
0
Convert -a (base 14) to base 12.
-a
What is 51 (base 13) in base 11?
60
Convert 3 (base 9) to base 6.
3
Convert -3 (base 8) to base 15.
-3
Convert -7 (base 9) to base 4.
-13
-91 (base 10) to base 14
-67
Convert 3 (base 10) to base 12.
3
-2 (base 3) to base 12
-2
Convert -3 (base 11) to base 6.
-3
Convert 3 (base 10) to base 14.
3
What is 0 (base 3) in base 15?
0
What is -1000101 (base 2) in base 4?
-1011
Convert -20 (base 8) to base 5.
-31
Convert 1211 (base 4) to base 9.
122
What is 11 (base 16) in base 12?
15
1223 (base 5) to base 16
bc
What is -14 (base 8) in base 13?
-c
3 (base 10) to base 6
3
What is -1 (base 2) in base 8?
-1
-7 (base 9) to base 12
-7
26 (base 10) to base 8
32
What is -63 (base 15) in base 2?
-1011101
Convert -223 (base 4) to base 3.
-1121
47 (base 8) to base 16
27
-1 (base 10) to base 13
-1
-277 (base 8) to base 5
-1231
Convert 5 (base 11) to base 16.
5
14 (base 9) to base 3
111
-10 (base 3) to base 16
-3
-65 (base 12) to base 2
-1001101
What is -12 (base 11) in base 3?
-111
Convert -74 (base 8) to base 10.
-60
Convert 4 (base 8) to base 11.
4
Convert 45 (base 15) to base 4.
1001
111 (base 3) to base 10
13
-3 (base 6) to base 8
-3
10 (base 9) to base 13
9
-95 (base 13) to base 3
-11112
-3 (base 8) to base 10
-3
Convert -1101 (base 2) to base 4.
-31
-2 (base 8) to base 2
-10
What is -49 (base 12) in base 15?
-3c
3 (base 10) to base 16
3
What is 25 (base 6) in base 8?
21
What is 224 (base 5) in base 3?
2101
Convert 100 (base 3) to base 6.
13
111111 (base 2) to base 9
70
Convert -14 (base 14) to base 5.
-33
-2 (base 15) to base 2
-10
-3 (base 15) to base 8
-3
-2 (base 10) to base 14
-2
-4 (base 6) to base 8
-4
Convert 1 (base 9) to base 11.
1
-3 (base 8) to base 9
-3
Convert -4 (base 11) to base 9.
-4
What is 0 (base 2) in base 6?
0
Convert 36 (base 8) to base 13.
24
Convert -133 (base 4) to base 15.
-21
What is -9 (base 11) in base 10?
-9
85 (base 15) to base 13
98
What is -3 (base 4) in base 11?
-3
What is -18 (base 16) in base 14?
-1a
Convert 79 (base 13) to base 6.
244
Convert 20 (base 5) to base 10.
10
134 (base 6) to base 3
2011
-3 (base 9) to base 10
-3
Convert 19 (base 13) to base 4.
112
Convert 2 (base 16) to base 4.
2
What is 202 (base 3) in base 2?
10100
-3 (base 9) to base 2
-11
-20 (base 4) to base 14
-8
1000 (base 2) to base 13
8
-23 (base 6) to base 10
-15
-245 (base 10) to base 9
-302
-20b (base 14) to base 9
-487
2 (base 5) to base 8
2
Convert 38 (base 9) to base 13.
29
11 (base 7) to base 2
1000
What is 1 (base 2) in base 11?
1
-1022 (base 3) to base 10
-35
Convert 300 (base 4) to base 10.
48
What is -a (base 12) in base 5?
-20
What is -12 (base 5) in base 8?
-7
2 (base 8) to base 5
2
What is 4 (base 13) in base 11?
4
-2 (base 10) to base 15
-2
-20 (base 10) to base 7
-26
Convert 5 (base 9) to base 11.
5
What is -2033 (base 4) in base 16?
-8f
21 (base 7) to base 15
10
0 (base 2) to base 6
0
What is -26 (base 10) in base 3?
-222
What is -225 (base 11) in base 7?
-533
Convert 342 (base 5) to base 2.
1100001
-42 (base 10) to base 12
-36
What is 433 (base 6) in base 5?
1130
-10 (base 14) to base 4
-32
What is 23 (base 11) in base 3?
221
Convert b7 (base 13) to base 12.
106
What is -153 (base 7) in base 9?
-106
Convert 104 (base 16) to base 14.
148
Convert -21 (base 15) to base 9.
-34
Convert 3 (base 14) to base 6.
3
What is 1 (base 6) in base 16?
1
What is -10 (base 12) in base 10?
-12
1220 (base 4) to base 9
125
Convert -23 (base 5) to base 11.
-12
What is 2 (base 4) in base 5?
2
What is 3333 (base 4) in base 12?
193
-1 (base 12) to base 11
-1
2 (base 13) to base 12
2
13 (base 6) to base 4
21
3 (base 14) to base 12
3
What is -49 (base 14) in base 13?
-50
Convert -a4 (base 15) to base 10.
-154
-200 (base 4) to base 9
-35
Convert -102 (base 3) to base 2.
-1011
What is -33 (base 11) in base 6?
-100
-1 (base 13) to base 9
-1
Convert -5 (base 10) to base 15.
-5
0 (base 15) to base 12
0
67 (base 14) to base 10
91
224 (base 8) to base 10
148
Convert -246 (base 12) to base 2.
-101010110
Convert 1 (base 3) to base 2.
1
56 (base 12) to base 8
102
Convert -128 (base 11) to base 15.
-a1
What is -305 (base 7) in base 11?
-129
Convert -28 (base 12) to base 14.
-24
What is -8 (base 16) in base 11?
-8
Convert 32 (base 10) to base 3.
1012
What is -1 (base 14) in base 13?
-1
Convert -11110 (base 2) to base 8.
-36
What is 1110 (base 2) in base 14?
10
-119 (base 10) to base 9
-142
What is -111 (base 2) in base 10?
-7
-16 (base 13) to base 5
-34
What is 46 (base 7) in base 13?
28
What is 25 (base 8) in base 15?
16
Convert 11010100 (base 2) to base 3.
21212
What is -3 (base 11) in base 13?
-3
What is 20 (base 4) in base 11?
8
What is -2 (base 3) in base 8?
-2
What is 9 (base 16) in base 14?
9
What is 0 (base 11) in base 8?
0
What is 35 (base 6) in base 13?
1a
Convert -40 (base 7) to base 14.
-20
What is -28 (base 10) in base 8?
-34
What is -5 (base 10) in base 16?
-5
-13 (base 14) to base 6
-25
What is 52 (base 7) in base 3?
1101
-1 (base 10) to base 12
-1
Convert -14 (base 7) to base 14.
-b
What is -1211 (base 3) in base 14?
-37
Convert 1 (base 14) to base 15.
1
What is 7 (base 10) in base 15?
7
Convert 52 (base 7) to base 11.
34
What is a3 (base 11) in base 15?
78
What is 30 (base 15) in base 3?
1200
What is 20120 (base 3) in base 9?
216
2 (base 3) to base 9
2
What is 0 (base 5) in base 9?
0
What is -1 (base 4) in base 14?
-1
What is -121 (base 3) in base 4?
-100
What is -10 (base 16) in base 10?
-16
What is -1f (base 16) in base 9?
-34
238 (base 10) to base 4
3232
4 (base 10) to base 4
10
What is -241 (base 7) in base 13?
-9a
What is 11 (base 10) in base 2?
1011
What is -13 (base 5) in base 13?
-8
What is 46 (base 8) in base 4?
212
1 (base 9) to base 11
1
Convert 5 (base 16) to base 10.
5
Convert 3 (base 4) to base 6.
3
205 (base 11) to base 13
160
-4 (base 13) to base 15
-4
Convert -2 (base 14) to base 15.
-2
Convert 16 (base 11) to base 10.
17
Convert 112 (base 7) to base 5.
213
What is -5 (base 12) in base 10?
-5
Convert -1 (base 9) to base 8.
-1
What is 13 (base 4) in base 15?
7
Convert 4 (base 8) to base 13.
4
What is -3 (base 10) in base 7?
-3
What is -a (base 15) in base 16?
-a
What is -1 (base 6) in base 8?
-1
8 (base 13) to base 15
8
-4 (base 15) to base 12
-4
5 (base 16) to base 15
5
-3 (base 15) to base 12
-3
Convert -3 (base 5) to base 11.
-3
1 (base 7) to base 10
1
What is 77 (base 11) in base 7?
150
What is 23 (base 13) in base 14?
21
Convert -2 (base 13) to base 9.
-2
5 (base 6) to base 4
11
2 (base 11) to base 14
2
What is -21 (base 13) in base 2?
-11011
Convert -e (base 16) to base 13.
-11
Convert -100 (base 2) to base 11.
-4
-101 (base 11) to base 16
-7a
What is 2 (base 12) in base 5?
2
What is -1a2 (base 12) in base 10?
-266
What is -1 (base 2) in base 6?
-1
Convert -2 (base 7) to base 9.
-2
Convert -5 (base 9) to base 3.
-12
Convert 22 (base 3) to base 7.
11
Convert -12011 (base 3) to base 7.
-256
8 (base 15) to base 3
22
Convert -1 (base 4) to base 16.
-1
What is 122 (base 6) in base 15?
35
Convert -13 (base 15) to base 5.
-33
What is 32 (base 8) in 